2*c + 10 = -x. Let i be (-82)/4*(2 + c). Suppose 0 = 3*s - 31 - i. What is the greatest common factor of s and 16?
8
Suppose -208 = -3*a + 5*z, -5*a = -4*z + 152 - 516. What is the highest common factor of 38 and a?
38
Let r(q) = 2*q**2 - 1. Let b be r(3). Suppose -2*p = -3*a - 287, a - 6*a - 25 = 0. Calculate the highest common divisor of b and p.
17
Suppose 4*p - 595 = 105. Calculate the greatest common factor of p and 25.
25
Suppose 3*z = 2*g - 0*z - 9, -5*g = -4*z - 26. Suppose -2*s = 3*f - f - 192, g = -3*f. What is the highest common divisor of 14 and s?
14
Let w(b) be the third derivative of 11*b**5/12 + 4*b**2. Let a be w(-1). What is the highest common divisor of 11 and a?
11
Let a = -191 + 276. What is the highest common factor of 34 and a?
17
Let v be 1/3 - (-78)/9. Let b be 124/v - 4/(-18). Let m be ((-28)/5)/((-2)/5). What is the greatest common divisor of m and b?
14
Let p = 8 - 4. What is the greatest common factor of 6 and p?
2
Suppose -4*g = 3*o + 14, -3*g + 4*g = 2*o - 9. Let u be o/(4/28*1). Calculate the greatest common factor of u and 21.
7
Suppose -8*o + 45 = o. What is the greatest common factor of 40 and o?
5
Let m = 5 - 8. Let c be (126/2)/1 - m. What is the highest common divisor of 22 and c?
22
Let l = -4 - -13. What is the highest common factor of l and 9?
9
Suppose -24 = 3*g - 4*g. Let k = 35 - 6. Suppose k + 7 = h. What is the highest common factor of g and h?
12
Let a be (-24)/14 - 4/14. Let u be (-6)/1*5/a. Suppose 4*c = 12 - 32, 385 = 5*b - 2*c. Calculate the greatest common divisor of b and u.
15
Let w(d) = -d**2 - 8*d + 13. Let b be w(-9). Suppose t + b*t = 325. What is the greatest common divisor of t and 26?
13
Suppose 0*b - 4 = -2*b, -4*y = -3*b - 2. Let l be (y/(-3))/(3/(-36)). What is the greatest common factor of 88 and l?
8
Suppose 16 = -3*d - 8. Let u be (-5)/(-1)*d/(-5). What is the greatest common divisor of u and 32?
8
Let h = -46 + 112. What is the highest common divisor of 44 and h?
22
Let t = 7 + -5. Suppose -s + t*s + 3*j + 19 = 0, -4*j = -2*s + 12. Let m be (-58)/s + (-6)/12. What is the highest common factor of 2 and m?
2
Suppose 0*q + 64 = 4*q. Let i = -73 + 77. Calculate the highest common divisor of i and q.
4
Suppose 2*o + 114 = -5*w, -5*w = -o - 3*o + 132. Let m = 16 - w. Calculate the highest common factor of 8 and m.
8
Let h(m) = 5*m + 38. Let j be h(-7). Suppose 4*p - 26 = 82. What is the greatest common divisor of p and j?
3
Let y(a) = -44*a - 5. Let z be y(-4). Let f be (114/(-9))/(2/(-3)). Calculate the highest common factor of f and z.
19
Suppose 5 = -3*i + 4*h + 24, -38 = -4*i - h. Calculate the greatest common factor of 81 and i.
9
Suppose -5*n + 4*n + 3 = 0. Suppose 25 = 2*t + 5*x, -4*t + x - 4 = 1. Let d = t + n. Calculate the greatest common factor of d and 33.
3
Let s(q) = 3*q - 6. Let a be s(6). Let t(l) = -21*l - 30. Let z be t(-6). What is the greatest common divisor of z and a?
12
Suppose -5*w + 3*l = -0*w - 60, 5 = -l. Calculate the highest common factor of 1 and w.
1
Suppose 2*c + 2*c - 3*y = -10, 5*c + 4*y + 28 = 0. Let l be -6*4/24*c. Let x be (2 + 2)*(1 - -2). What is the greatest common factor of x and l?
4
Let f(b) = 8*b**2 + 6*b + 5. Let q be f(-5). Suppose 0*s - q = -s - 3*n, -4*s + 713 = -n. Let g = s + -50. What is the highest common divisor of 16 and g?
16
Let i = 61 + -7. Suppose t - i = o, 5*t + 3*o - 4*o = 258. Calculate the highest common factor of 34 and t.
17
Suppose 4*l - 176 = q, -3*l + 5*q + 160 = l. Suppose 4*t + 5 = -7. Let h be (-88)/(-3) - 2/t. Calculate the highest common factor of h and l.
15
Let w be 1 + -2 + 31/1. Let a = 4 + -6. Let o be (a - -3)/((-2)/(-150)). Calculate the highest common factor of o and w.
15
Let l = 26 - 28. Let j be 10*l*(-3)/4. Let f(d) = 120*d. Let p be f(1). Calculate the highest common factor of p and j.
15
Let h be (132/9)/((-4)/(-24)). Suppose 5*z - 6 = -5*n + 114, 44 = 3*z - 4*n. Let m = -9 + z. What is the greatest common factor of m and h?
11
Suppose -3*f = 3 - 12. Let g be -3 + -1 + f - -3. Suppose 4 = g*h - 6. Calculate the highest common factor of 5 and h.
5
Suppose 12 = 4*c + 2*q, -3 = -4*q - 19. Calculate the highest common factor of c and 45.
5
Let p(w) = -5*w - 33. Let f be p(-8). Let q be ((-78)/(-9))/(2/6). Suppose -2*l = 3*t - q, 0 = l - 3*t + 5. What is the greatest common divisor of l and f?
7
Let t(m) = 23*m - 1. Let w be t(1). Let h be w/3 - 1/3. Let c = -1 - -8. What is the greatest common factor of c and h?
7
Let i = 194 + -187. Let k(d) = -d**3 - 5*d**2 - 2*d + 1. Let p be k(-6). Calculate the greatest common factor of p and i.
7
Let i = -33 + 38. Calculate the highest common factor of 25 and i.
5
Let i = -7 + 10. Suppose 2*u - i*u = -15. Suppose v + 2*o - 9 - 105 = 0, -o - 3 = 0. What is the greatest common factor of v and u?
15
Let b(f) = -17*f - 49. Let c be b(-9). Calculate the highest common divisor of 16 and c.
8
Suppose -4*l + 42 = -138. Suppose s = -s. Suppose -j = -5*h - 35, 2*j + 2*h - h - 26 = s. Calculate the highest common factor of j and l.
15
Let p = -38 + 58. Suppose -3*h = 2*h + p. Let j be (0 - -119) + (h - -2). What is the greatest common divisor of 13 and j?
13
Let u(w) = w**3 + 5*w**2 - 2*w - 3. Let i be u(-3). Suppose i = 4*k - k. Suppose 0 = o + 2 - k. Calculate the greatest common divisor of o and 40.
5
Suppose 5*q + 14 = 4*k, 5*k = 3*q - 2*q + 7. Let u = 13 - 8. Let z = u - q. What is the greatest common factor of 42 and z?
7
Let p be (-221)/(-4) + (-2)/8. Let k be 6/4*(-32)/(-12). Suppose k*h - 5*a = 61 + 4, -4*h + p = 5*a. Calculate the greatest common factor of 30 and h.
15
Let x be (14/(-3))/((-2)/18). Let b(h) = h**2 + 12*h + 15. Let c be b(-11). Suppose 0 = -c*t + t + x. Calculate the highest common factor of 14 and t.
14
Suppose 0 = 3*y - y - 170. Let o(c) = -3*c**2 + c**3 - 1 - 2*c - c + 0*c. Let q be o(5). What is the highest common factor of y and q?
17
Suppose 6*z = z + 70. Let k(a) = 3*a**2 - 6*a - 18. Let w be k(-6). Calculate the greatest common divisor of w and z.
14
Let k(h) = 3*h**2 + 5*h + 1. Let g(q) = -3*q**2 - 6*q - 2. Let t(z) = 3*g(z) + 4*k(z). Let x be t(-3). Calculate the highest common divisor of x and 38.
19
Let j(u) be the first derivative of -u**4/4 + 7*u**3/3 + u**2/2 + u - 8. Let h be j(7). What is the greatest common divisor of h and 4?
4
Let l = -6 + 9. Suppose 115 = -2*w - l*w. Let p = -9 - w. Calculate the highest common factor of 70 and p.
14
Suppose 2*w - 334 = 64. Let u = -130 + w. What is the highest common factor of u and 23?
23
Let g(f) = f**2 - f - 18. Let n be g(-5). Calculate the highest common divisor of 12 and n.
12
Let m be (2/3)/((-2)/(-15)). Suppose m*z = 7 + 8. Suppose -3*v = -f + 45, -14 = 5*v + 6. Calculate the highest common factor of f and z.
3
Let s(n) = n**3 + 8*n**2 - 11*n - 13. Let a be s(-9). What is the highest common factor of 40 and a?
5
Let k(h) = -4*h**3. Let m be k(-1). Suppose -75 = -3*v + 3*g, -46 = -5*v - m*g + 43. Calculate the highest common divisor of 3 and v.
3
Let p(x) = -x. Let f be p(1). Let c be 2 - (15 - -2)/f. Calculate the greatest common divisor of c and 57.
19
Let r = 67 - 4. What is the highest common divisor of r and 7?
7
Suppose -70 = -2*d + 5*b, 18*d - 13*d - 233 = -2*b. Let w = -1 + 6. Calculate the highest common factor of d and w.
5
Suppose 0 = -y - 4*w + 31, 38 = 5*y + 2*w - 45. Suppose 4*m - 495 = m. What is the highest common factor of m and y?
15
Let z be ((-3)/2)/(-8 + 470/60). Calculate the greatest common divisor of z and 81.
9
Suppose -3*j + 90 = 3*j. What is the highest common factor of 15 and j?
15
Let k be 21 + -2 - (1 - 3). Let q be -48*k/9*-1. Calculate the greatest common factor of q and 14.
14
Let v = -37 - -22. Let k be (5/3)/((-5)/v). Suppose -k*m = -84 - 6. Calculate the greatest common factor of m and 12.
6
Let c be (2/5)/(5/25). Suppose 0 = 3*s + t - 108, -3*s = -c*t + 4*t - 111. What is the highest common factor of s and 7?
7
Let m = 8 + -4. Suppose -4 = -m*y + 24. Calculate the greatest common factor of 7 and y.
7
Let n = 31 - 55. Let o be 31/3 + (-16)/n. What is the highest common factor of 55 and o?
11
Let j(a) be the second derivative of -a**4/12 - 5*a**3/6 + 3*a**2/2 + a. Let b be j(-3). Calculate the greatest common divisor of b and 99.
9
Suppose y = 4*